ctors of u(6)?
331
List the prime factors of (-6486 + -5 + 3)*(-20 + 18).
2, 811
Suppose 1424 + 691 = -9*n. What are the prime factors of 94/n + 8414/10*1?
29
What are the prime factors of (1458/21)/(180/13440)?
2, 3
Suppose 120*j + 75 = 125*j. Suppose -14*m - 1 = -j. What are the prime factors of (20 - m)/(13 + -14)*-3?
3, 19
Suppose -3*v + 6*l + 34159 = -8909, 4*l - 43058 = -3*v. What are the prime factors of v?
2, 7177
Let f(b) = 313*b - 3. Suppose -3*y + 3 = 6. Let p be f(y). Let s = -212 - p. List the prime factors of s.
2, 13
Let w(c) = -c**2 + 2*c. Let i be w(2). Suppose i*t = -5*t. List the prime factors of -3 + t - -7 - 1.
3
Suppose 90*u + 81839 = 565589. What are the prime factors of u?
5, 43
List the prime factors of 128/20*41/(-3)*5220/(-12).
2, 29, 41
Let h(q) = q**3. Let j be h(1). Let n(u) be the first derivative of 65*u**4/4 - u**3/3 - 547. List the prime factors of n(j).
2
Suppose -203488 = -24*m + 53*m - 37*m. List the prime factors of m.
2, 6359
Let z = -149 + 161. Suppose z*q = 8*q + 492. List the prime factors of q.
3, 41
Let z(p) be the second derivative of 3*p**5/20 - 17*p**4/12 + p**3 + 17*p**2/2 + 32*p. List the prime factors of z(6).
89
Suppose 0 = -27*u - 6*u + 11*u + 358050. List the prime factors of u.
3, 5, 7, 31
Suppose -2*n = -0*n - c - 9977, -2*n + 3*c + 9987 = 0. Suppose -25*m + 7*m = -n. List the prime factors of m.
277
Let i = 0 + 16. Suppose 2*p + i = q, -2*p + 5 + 3 = 3*q. Suppose q*j - 3*j - 5*r = 153, -3*r - 9 = 0. List the prime factors of j.
2, 23
Let k = -40 - -211. Let u = 555 - k. What are the prime factors of u?
2, 3
Let b be ((14 - 12) + 1 + -2)*-2. Let g be (b/4)/((-1)/78). What are the prime factors of 2892/g - 2/13?
2, 37
Let y(n) = n**2 - 3*n - 6. Let g be y(5). Suppose 3107 = 25*f - 3643. Suppose f = g*o - 102. What are the prime factors of o?
3, 31
Let z(c) = -c**3 + 12*c**2 + 25*c - 6. Let u be z(14). Let b = -43 - u. What are the prime factors of 418/b + (-8)/(-20)?
2, 3, 7
Let b(t) = -427*t + 430. List the prime factors of b(-4).
2, 1069
Let w(l) = -8*l**2 - 5*l + 64. Let p(b) = 3*b**2 + 2*b - 32. Let v(q) = -5*p(q) - 2*w(q). List the prime factors of v(24).
2, 19
Let o(n) = 32*n**2 - 23*n + 90. Let x be o(5). Suppose -f - 502 + x = 0. What are the prime factors of f?
3, 7, 13
Let a = -14 + 16. Suppose a*f - 3*k + 18 = k, 5*f - 5*k + 20 = 0. What are the prime factors of 0 + (f - 35*-1)?
2, 3
Suppose 29352 = -0*h + 6*h. Suppose -524 + h = 4*p. List the prime factors of p.
2, 3, 7, 13
Let k = 25 + -25. Suppose -4*l = -p - 4, 0 = 2*l - k - 4. Suppose 0 = -p*y - 2*j + 650, y + 2*j = -2*y + 489. List the prime factors of y.
7, 23
Let t = -860 + 1618. Suppose n + t = 5*q, -2*q + 362 - 57 = -n. What are the prime factors of q?
151
Suppose 0 = 5*k - 9*k. Suppose b + 5*d + 18 = k, -225 = -2*b + 7*b - 2*d. Let g = -27 - b. List the prime factors of g.
2
Suppose 730794 + 361088 = 62*l. List the prime factors of l.
11, 1601
Let l(v) = 46*v + 345. Suppose -3*f + 4*w + 77 = -0*w, -w - 2 = 0. List the prime factors of l(f).
23, 61
Suppose -4*v = 2*m - 20044, 12*m - 7*m = 5*v + 50170. Suppose 4*o = m - 3506. What are the prime factors of o?
7, 233
What are the prime factors of ((-111719)/235)/((-2)/20)?
2, 2377
Let a = 9458 + -3847. What are the prime factors of a?
31, 181
Suppose -51224 + 474416 = 337*x - 588145. What are the prime factors of x?
3001
Suppose 38*a = 65120 + 260008. List the prime factors of a.
2, 3, 23, 31
Let j = -3632 - -7342. What are the prime factors of j?
2, 5, 7, 53
Let j = -143 + 427. List the prime factors of j/6*12/(10 + -8).
2, 71
Let c = -824 - -388. Let i = c + 648. Suppose -g - 3*g + i = 0. What are the prime factors of g?
53
Let h = 27 + -14. Let o be 7 + 0/(-4) + (-60)/(-15). Suppose h*i = o*i + 8. What are the prime factors of i?
2
Suppose 0 = 5*p + 4*c - 0*c - 120764 - 76091, -3*c = 0. List the prime factors of p.
39371
Let r(n) = 108*n**2 + 77*n + 857. What are the prime factors of r(-14)?
20947
Let g(k) = -3*k**2 - 21 - 4*k**2 + 12*k + 33*k**3 - 65*k**3 + 33*k**3. What are the prime factors of g(8)?
139
Let b(p) = 29*p**2 - 15*p - 8. Let f be b(6). Suppose -9*j = -f + 172. List the prime factors of j.
2, 43
Suppose d - 8139 = -5*r, 5*d - 49569 = 4*r - 8961. What are the prime factors of d?
2, 3, 677
Suppose 24*q - 23*q = 4. Let l be (-5502)/(-49) + q/(-14). Suppose -320 = -4*y + l. What are the prime factors of y?
2, 3
Let q(u) be the first derivative of -27*u**2/2 - 21*u + 2. Let k be q(-6). Let l = k - 72. List the prime factors of l.
3, 23
Let x = 7599 - 3609. List the prime factors of x.
2, 3, 5, 7, 19
Let s(u) = 2709*u**2 - 16*u - 35. List the prime factors of s(-2).
3, 23, 157
Let c = -13810 - -28527. List the prime factors of c.
14717
Suppose 12*t - 16*t + 199293 = 3*f, -t + 6 = 0. List the prime factors of f.
3, 7, 3163
Suppose 7199 = 5*f - 3*i, 4317 = 3*f + 28*i - 29*i. List the prime factors of f.
2, 719
Let u = -15 + 30. Suppose 0 = 42*b - 37*b - u. What are the prime factors of 109 + (-3)/(b + 2/(-1))?
2, 53
Let h = -739 + 710. Let l(m) = m**2 + 4*m + 15. What are the prime factors of l(h)?
2, 5, 37
Let c(g) = -2073*g - 2659. List the prime factors of c(-5).
2, 3853
Let y = -19258 - -39977. List the prime factors of y.
20719
Let h be (5/15)/((-3)/(-45)). Suppose -1705 + 7690 = h*c. List the prime factors of c.
3, 7, 19
Let z(t) = 44*t - 51. Let a be z(13). Suppose -3*q - 416 = -o, 4*o - a = 2*q + 1113. List the prime factors of o.
11, 37
Let q(p) be the second derivative of 17/6*p**3 + 0 + 6*p - 9*p**2. List the prime factors of q(7).
101
Suppose -2*q = -34 - 52. Let r = q + -46. List the prime factors of 54*(r/(-2) - (-5)/(-10)).
2, 3
Suppose 45*p + 10*p - 987756 = -77*p. List the prime factors of p.
7, 1069
Let m(i) = -435*i + 1076. List the prime factors of m(-11).
5861
Suppose 13*o - 13702 = 9581. What are the prime factors of -4 - -3 - (1 - o)?
1789
Let g = 168 - 166. Suppose 0 = -g*y + 4*d + 702, -2*y + 4*y + d - 687 = 0. What are the prime factors of y?
3, 5, 23
Let g(p) = p**3 + 18*p**2 - 17*p + 11. Let a(z) = 2*z**3 + 18*z**2 + 39*z + 1. Let o be a(-6). What are the prime factors of g(o)?
19, 31
List the prime factors of ((-7573)/(-3))/(46/276).
2, 7573
Let w(n) be the third derivative of 14*n**4/3 + 32*n**3/3 - 22*n**2. Let p be w(7). Suppose b - 282 = -0*b + o, 3*b = 5*o + p. What are the prime factors of b?
281
Suppose -2 - 13 = -3*b. Let l be b/((-45)/12)*-9. Suppose -204 = -15*f + l*f. What are the prime factors of f?
2, 17
Suppose 0 = 3*p + 5*o - o + 184, 5*o = -p - 65. Let c = p - -54. Let b = 34 + c. What are the prime factors of b?
2, 7
Suppose 8*l - 976 - 3376 = 0. List the prime factors of (51 + -52)/((-2)/l).
2, 17
What are the prime factors of 699*44/(-165)*(2 + -22)?
2, 233
Let z = -2238 + 1519. Let v = z + 1092. List the prime factors of v.
373
Suppose 40308 = q + 2*z, 338*q - 3*z = 334*q + 161177. List the prime factors of q.
2, 20149
Let g(y) = 6*y**2 + y - 2. Let n be (0 - (0 + -3)) + 9/(-3). Suppose n = -3*s - 3, -s - 3*s = -3*c - 5. What are the prime factors of g(c)?
7
Let r(f) = -19*f + 18. Let a(x) = 37*x - 37. Let y(m) = -2*a(m) - 5*r(m). Let l be y(9). Let w = 302 - l. List the prime factors of w.
3, 43
Let l(z) = 6*z - 18. Let s be l(3). Suppose -12*k + 11*k + 487 = s. List the prime factors of k.
487
Suppose 15*b + 441844 = 67*b. What are the prime factors of b?
29, 293
List the prime factors of 31305 - 162 - 3/1.
2, 3, 5, 173
Let n(t) be the first derivative of t**3/3 + t**2 - 26*t + 1. Suppose 3*j + 29 = 3*c + c, c - 13 = -5*j. List the prime factors of n(c).
2, 3
Let i(m) = -m**3 + 6*m**2 + 37*m + 54. What are the prime factors of i(-8)?
2, 3, 109
Let t = -9565 - -54902. List the prime factors of t.
45337
Suppose 4*w - 117064 = -f, 0 = -5*w - 5*f + 28459 + 117871. List the prime factors of w.
2, 14633
Suppose 0 = 274*s - 241*s - 1833612. What are the prime factors of s?
2, 29, 479
Suppose -9*w - 858 - 1833 = 0. Let a = w - -452. What are the prime factors of a?
3, 17
Let u(y) = -10*y**2 - y + 1. Let x be u(1). Let h be 1 + x/6 - (-551)/57. List the prime factors of (27/(-6))/h - 38/(-4).
3
Let m(q) = -7*q - 20. Let v be (-784)/42 - 2/(-3). List the prime factors of m(v).
2, 53
Suppose 0 = 4*r + 9*y - 80, -99 = -